the second derivative of d**4/6 - 2*d**3/3 - 19*d**2/2 - 113*d. Determine r(-3).
11
Let m be 9 + -3 + -16*1. Let b(f) = -2*f - 12. Give b(m).
8
Let l(o) be the third derivative of 5*o**2 + 0*o - 1/6*o**3 - 1/24*o**4 + 0. Give l(5).
-6
Let p be (-7 - -3)*(-3)/30*15. Let i(z) = 6 + 3 - 5*z + 4*z. Let b(g) = g - 8. Let m(y) = -4*b(y) - 5*i(y). Determine m(p).
-7
Let v(f) = 5*f**2 + 5*f + 3. Let b(q) = -6*q**2 - 5*q - 3. Let o(s) = -6*b(s) - 7*v(s). Let g = -2674 - -2678. Calculate o(g).
-7
Let o(l) = l**3 + 2*l**2 + 2. Let n be o(0). Let a(p) be the third derivative of 0*p - 5*p**n - 1/4*p**4 + 0 - 1/60*p**5 + 1/6*p**3. Calculate a(-5).
6
Suppose -8*n = -n + 77. Let v(j) = -2*j - 21. Give v(n).
1
Let m(n) = -n**3 + 9*n**2 + 2*n - 16. Let p be m(9). Let i(w) = w + 166 - 168 + w**p - 5*w. What is i(4)?
-2
Let x(y) = -19*y + 192. Let k be x(10). Let j(p) = 5*p**2 - 5*p + 1. Calculate j(k).
11
Let j be 9/12 - 17/(-4). Suppose -16 = -n + j*n. Let c(r) = r**3 + 6*r**2 + 3*r - 5. Give c(n).
15
Let m(p) = -190*p - p**2 - 2 + 2*p**2 + 189*p + 0. Determine m(3).
4
Let b(q) = 2*q**3 + 5*q**2 - 8*q - 6. Let l(u) = 3*u**3 + 4*u**2 - 9*u - 5. Let a be 12/(-8) + 1*(-5)/2. Let t(g) = a*b(g) + 3*l(g). What is t(7)?
-5
Let j(k) = k + 11. Let m(b) be the third derivative of -b**4/24 - 5*b**3/3 + b**2. Let f(d) = -6*j(d) - 7*m(d). Let y = -75 + 73. Give f(y).
2
Let m be (1*2/(-2))/((-4)/8). Let s(k) = -13*k**2 + m*k**2 + k + k**2 + 6*k**2 + k**3 + 1. What is s(3)?
-5
Let o(b) = 13*b**3 - 67*b**2 - 20*b + 32. Let l(j) = -7*j**3 + 36*j**2 + 10*j - 16. Let i(y) = -11*l(y) - 6*o(y). Give i(7).
5
Let o(z) = 5*z - z - 5 - 2*z. What is o(6)?
7
Let o(b) = 10*b - 1. Let x(i) = -28*i + 2. Let c(q) = -17*o(q) - 6*x(q). What is c(8)?
-11
Let u = 9 - 7. Let i(j) = -6*j - j + 0*j**2 - 2*j**2 - u + j**2. Calculate i(-7).
-2
Let x(z) = -z - 12. Let m be x(0). Let i be (-5)/(50/m)*5. Suppose 2*t - t = i. Let d(o) = o**2 - 8*o + 6. Calculate d(t).
-6
Suppose 3 = -3*w, n + 14 = -n - 4*w. Let b(z) = 10*z**2 + 18*z + 1. Let v(x) = -3*x**2 - 6*x. Let p(i) = -2*b(i) - 7*v(i). What is p(n)?
-7
Let o(m) = -4 + 5*m - 4*m - 6*m - m**2. Suppose 3*b - 2*j - 142 = 0, -b + 65 = 2*j + 23. Let u = b + -50. Determine o(u).
0
Let q(t) = 13 + 18 - t - 37. What is q(-6)?
0
Let p be (-93)/30 + (-1)/(-10). Let t(s) = -6*s + 2. Give t(p).
20
Suppose 3*r = -3*z - 39, -r = -4*z - 7 - 5. Let m(y) = -3 + 13 - 1 - 4 + y. Give m(r).
-3
Let f = 901 + -903. Let g(p) = -6*p - 9. Calculate g(f).
3
Let q(f) = -11*f + 46. Let s be q(4). Let o(p) = -2*p**3 + 2*p**2 + p + 1. Calculate o(s).
-5
Let g(n) be the first derivative of -3*n**2/2 - 1. Let c be (-1)/((-12)/(-144)) - -11. What is g(c)?
3
Let l be (-2)/(-16) - (-1339)/104. Let g(t) = 39 - l - 24 - 7*t. Suppose v = 4*d + 3, 12 = -3*v + 7*v + 3*d. Give g(v).
-19
Let n = -27 - -29. Let g(y) = 4*y - 7 - 4*y - n*y + 0. Calculate g(-6).
5
Let c(a) = a**2 - 10*a - 3. Let w be (-17)/((-68)/16) + 7. Determine c(w).
8
Suppose -a = 2*c - 5, -c = -2*c - 3*a - 10. Let d(i) = 20851*i - 20856*i + 0 + 1 + i**2. What is d(c)?
1
Let n(d) = d**3 + 4*d**2 - 2*d - 3. Let a be n(-3). Suppose a = 4*x + 4. Suppose 0*l = x*l. Let b(i) = -i**3 + i**2 - 2. What is b(l)?
-2
Let z(x) = -x**3 + 8*x**3 - 3*x**3 + x + 4*x**2 + 3*x**3 - 8*x**3 - 10. Calculate z(4).
-6
Suppose 0 = 20*x - 178 + 158. Let q(i) = 23*i - 3. Give q(x).
20
Let r(k) = k**3 + 9*k**2 + 10*k + 8. Let a(l) = -2*l**3 + 2*l**2 + 2*l + 1. Let t be a(-1). Let b be 95/(-10) + t/2. What is r(b)?
-8
Let p(m) = -3 - 2*m**2 + 1 - 13*m + 16*m + 1. Calculate p(3).
-10
Let o(f) be the third derivative of 0 + 0*f + 3*f**2 + 1/12*f**4 - 1/2*f**3. Calculate o(6).
9
Let u(h) = -h**3 - 6*h**2 - 6*h + 2. Suppose 0*s = 2*s - r + 12, -2*r = s + 1. Calculate u(s).
7
Let b(n) = 14 + 4*n - 4 + 9. Let q be (-24)/(-14) + (-6)/(-21). Let d(r) = r + 6. Let y(f) = q*b(f) - 7*d(f). Calculate y(6).
2
Let j(w) = -12*w**3 + 1. Let b = 70 - 122. Let f be 13/b - 6/8. Determine j(f).
13
Let l(p) = -9*p**3 + 14 - 2*p - 8 - 5 + p**2. Determine l(1).
-9
Let x(t) = 6*t**2 + t**3 + 41 - 34*t + 35*t - 42. Calculate x(-3).
23
Let b(i) = -8*i**3 + 14*i**2 - 23*i - 18. Let m(k) = 3*k**3 - 8*k**2 + 12*k + 8. Let u(p) = 2*b(p) + 5*m(p). Give u(-13).
-9
Let p(g) be the first derivative of -15*g**2/2 - g + 194. Determine p(3).
-46
Suppose -35 = 41*x - 896. Let z(d) = 2*d**2 - 43*d + 8. What is z(x)?
-13
Let v(f) = -f**3 + 6*f**2 + f + 1. Let w = -145 - -151. What is v(w)?
7
Let f be 3 + -4 + (9 - 0). Let a(b) = 37*b - 6 - 74*b + 38*b. Give a(f).
2
Let u = -208 - -213. Let w(v) = v**2 - v. Calculate w(u).
20
Let v(f) be the third derivative of 1/10*f**5 + f**2 + 0 - 4*f + 0*f**3 - 1/24*f**4 + 1/120*f**6. What is v(-3)?
30
Suppose -2*m - 5*a + 1 = 0, -5*m + 9 = -2*a - 37. Let w(t) = -16*t**3 + m - 4*t + 5*t + 15*t**2 + 17*t**3 - 4*t**2. Determine w(-11).
-3
Let c(w) = -2*w**2 + 3*w - 1. Let f(u) = -4*u**2 + 1. Let n(y) = -y**2. Let m(a) = f(a) - 3*n(a). Let p(o) = -c(o) + m(o). Determine p(4).
6
Let v(l) = -l**3 - 6*l**2 - 5*l - 8. Let p be ((-3)/6 + 2)*(-176)/66. Give v(p).
-20
Let k(f) = -17*f**2 - f**3 - 165 + 161 + 4*f**2 + 8*f + 6*f. Calculate k(-14).
-4
Let d(f) = -6*f - 17378 + f**2 + 8686 + 8687. Calculate d(-3).
22
Let i(k) = -k**2 + k + 8. Let y(q) = -q**2 + q + 7. Let w(p) = 5*i(p) - 6*y(p). Suppose -5*d - 36 = 2*t, 4*d - t + 9 = 4*t. Let j = -3 - d. What is w(j)?
4
Let r(y) be the first derivative of 6 + 2*y**2 + 2*y - 1/3*y**3. Determine r(5).
-3
Let g(f) = f**3 - 16*f**2 + 3. Let b be g(16). Suppose b*n - 14 = -n - a, -11 = -3*n - a. Let u(o) = 0*o**3 + o + o**3 - 4*o**2 + 3*o. Give u(n).
3
Let w(r) = 4*r - 2 + 0*r**2 - 15*r**2 + 19*r**2 - 7*r**2. Calculate w(3).
-17
Suppose c - 2*r = -9, -5*c - 9 = r + r. Let q(x) = 4 + 3*x**2 + 5*x + 2 - 3 - x - 1. Calculate q(c).
17
Suppose 2*a - 3 = -39. Let c = 18 + a. Let s(k) = k - 1. Give s(c).
-1
Let k(h) = -h**2 - 4*h - 3. Suppose 12*b - 10*b = -52. Let j = 23 + b. Calculate k(j).
0
Let i(t) be the first derivative of -t**2/2 - 27*t - 214. Calculate i(-22).
-5
Let q(r) = -r**3 - 14*r**2 - 12*r + 16. Let z be q(-13). Suppose 5*v - 4*b + 2 = -z, 3*v - b + 3 = 0. Let s(j) = 15*j + 1. Give s(v).
-14
Suppose -q + 32 + 20 = 0. Let z = 46 - q. Let b(g) = -3*g - 3. Determine b(z).
15
Let x be (-12)/9 - (-2 - 39/(-72)). Let a(y) be the third derivative of 0 + x*y**4 + 0*y + 1/2*y**3 + y**2 - 1/60*y**5 - 1/120*y**6. What is a(-3)?
12
Let v be (-7 + 1)/2*(-1)/(-3). Let m(b) = -b**3 - b**2 - 1. Let t be m(-2). Let z(x) = -3*x + 5*x**t + 3*x. Determine z(v).
-5
Let f(a) = -20*a**3 + 8*a**2 + 20*a + 6. Let i(q) = 7*q**3 - 3*q**2 - 7*q - 2. Let j = -54 + 59. Let s(l) = j*f(l) + 14*i(l). Let p = 1 + -3. What is s(p)?
6
Let l(z) = -z**2 + 6*z. Let y be l(6). Let u(g) be the second derivative of g**5/20 - g**3/6 - g**2 + 1231*g. Give u(y).
-2
Let u(a) = -a**2 + 16 - 10 + 14*a - 3. Determine u(14).
3
Let c(t) = -t**3 + 7*t**2 - 5*t + 4. Let u be 12*((-30)/(-40))/((-6)/(-4)). Determine c(u).
10
Let p(r) = r**3 - 5*r**2 - 6*r + 3. Let g = 219 - 213. Give p(g).
3
Let k(h) = -7*h**2 + 27*h - 1. Let a(p) = 7*p**2 - 32*p + 1. Let z(q) = -5*a(q) - 6*k(q). Let f(t) = t**3 - 3*t**2 + t - 2. Let v be f(3). What is z(v)?
6
Let v be (31 - -2) + -5 - (-3 + 6). Suppose v*p = 21*p + 24. Let h(u) = -u + 3. Give h(p).
-3
Let o(f) = -4*f**3 - 3*f**2 + 2*f - 6. Let c(i) = -9*i**3 - 5*i**2 + 6*i - 11. Let z(h) = -3*c(h) + 7*o(h). Give z(-4).
-25
Let g(y) = -y**2 + y + 1. Suppose 3*r - r + b = 6, -4*b = 3*r - 14. Let x(p) = p**3 + 5*p**2 - 8*p - 9. Let h(s) = r*g(s) - x(s). Calculate h(-8).
-5
Let t(p) = -1 + 0 - 46652*p + 46616*p. Calculate t(-1).
35
Suppose 4*h - 2 = -4*p - h, 5*h + 19 = 3*p. Suppose -38 = -4*d + p*d - 4*v, -87 = -4*d - 3*v. Let k(x) = -d*x**2 + 27*x**2 + x - 7 - 10*x**2. Calculate k(0).
-7
Let d(r) = r**3 + 6*r**2 - 6*r + 10. Let g be d(-7). Let n(h) be the first derivative of -h**3/3 + 3*h**2/2 - 4*h - 61. Give n(g).
-4
Let t be 1 - (-5 - -4) - -40. Suppose -5*y = -12 + t. Let o(m) = -3*m - 2. Determine o(y).
16
Let w(x) = -x**3 - 4*x**2 + 2*x + 4. Let o(u) = u**3 - 22*u**2 + u - 27. Let f be o(22). Let m be 10/(-25) - (-13)/f. What is w(m)?
-11
Let u(m) = 3*m + 4. Let p be -14*(20/8 - 3 - -1). Calculate u(p).
-17
Let i(l) = -51*l